vative of b**3/2 + 5*b**2/2 + 3*b. Let h be m(-4). Is (-861)/h + -4 + 2 prime?
False
Let t(r) = -1789*r - 152. Is t(-13) composite?
True
Let q = 10 - 8. Suppose 0 = q*c + 2*c. Suppose -5*n = -c*l + l - 396, 4*l + 4*n - 1536 = 0. Is l composite?
True
Is (21/(-6))/(10/(-4220)) a composite number?
True
Let m(x) = -2*x**3 + 44*x**2 + 50*x - 79. Is m(-23) a prime number?
True
Suppose 71 - 39 = 2*b. Let v = 11 - 8. Let o = b + v. Is o composite?
False
Let m = 1549 + -725. Let k = m + -145. Is k a prime number?
False
Suppose -3*b + 2216 = -430. Suppose -50 + b = -4*l + h, -l = h + 208. Is 5/(5/(-3)) - l prime?
False
Suppose 5*y - 5*u = 25000, 5*y + 4*u + 0*u = 25027. Is y prime?
True
Let u = -18 + 26. Let v(t) = 9*t**2 - 8*t + 26. Is v(u) prime?
False
Let r = 0 - -4. Suppose -r + 1 = 3*h. Is (-187)/h - (2 - 2) composite?
True
Let f(u) = -u - 13. Let s be f(-18). Suppose 0 = -s*j + 2*g + 633, -2*g - 3*g = -j + 122. Is j a composite number?
False
Is (4 - (-2 + -2197))*1 prime?
True
Is 2*(-245930)/(-60)*3 a composite number?
False
Suppose -21*f + 17*f + 20 = 0. Suppose -j = -4*k - 17, -20 = 2*k + 3*k. Suppose f*s - 174 = j. Is s composite?
True
Let o = 11 - 8. Suppose -5*r + 0*r = -o*f + 31, 0 = 4*f + 4*r + 12. Suppose -f*k - 2*k = 5*z - 111, 3*k - 89 = -4*z. Is z a composite number?
False
Suppose 7349 = w - 2*r, 2*r + 26268 = 5*w - 10517. Suppose 2*b + 5*q - 5021 = 0, -2641 = -4*b + 4*q + w. Is b composite?
False
Let p(g) be the third derivative of -g**6/60 - 7*g**5/60 + 5*g**4/12 - 7*g**3/6 - g**2. Let d be (-13)/(-156) + 97/(-12). Is p(d) a composite number?
True
Suppose -3 + 2210 = z. Is z a prime number?
True
Suppose 5*i - d - 27897 = 0, 3*d = 3*i + 7*d - 16729. Is i prime?
False
Suppose m + 2*m = 0. Suppose -5*k = -m - 555. Let u = k + 470. Is u composite?
True
Suppose -7*c + 3*c + 3836 = 0. Suppose -3*x = 2*w - 685, x - 386 = -4*w + c. Is w a composite number?
True
Suppose 5*w - 4*r = 40, w = -5*r - 30 + 9. Let a be 6 - w - (-3408)/2. Suppose -a + 647 = -3*l. Is l a prime number?
True
Let c(r) be the first derivative of 8*r**3 - 2*r**2 - 5*r + 9. Is c(-3) composite?
False
Let z = 104205 - 68184. Is z a composite number?
True
Is 80/64 + 5/(-20)*-93239 a composite number?
False
Let f(c) = c**3 + 10*c**2 + 2*c + 11. Let n be f(-9). Suppose 0 = -2*x - 0*x + n. Suppose -g = -x - 32. Is g prime?
False
Is (-3 + (-10150)/15)*-3 prime?
True
Let d = -35659 - -52476. Is d a composite number?
True
Let t(k) = -32 + 6*k**2 + 8*k**2 + 9. Is t(6) composite?
True
Let b(f) = f + 16. Let j be b(-8). Suppose -j + 161 = 3*x. Is x a composite number?
True
Suppose -3*x - 12 = -102. Is (277/(-3))/(-2 - (-58)/x) a composite number?
True
Suppose -6*r - 4*q = -r + 4644, 0 = r - 5*q + 952. Let z = 1643 - 2308. Let b = z - r. Is b prime?
False
Let m = -204949 + 379890. Is m prime?
False
Let w be 22/(0 - (2 + 0)). Let i = 11 + w. Suppose 5*k - 3*z - 1127 = i, -z - 451 = -4*k + 2*k. Is k prime?
False
Let i = 1 - -1. Suppose -j + 9 = i*j. Suppose 0*v = j*v - 345. Is v a prime number?
False
Suppose 0 = -19*b + 50*b + 186. Let m(o) = 4*o - 3 + 2 - 6 + 6*o**2. Is m(b) a prime number?
False
Suppose -x = -4*n - 1 - 3, 0 = -2*x - n - 19. Let v(j) = -13*j - 19. Let r be v(x). Suppose r = m - 148. Is m a prime number?
True
Suppose -20*b = -15*b - 48995. Is b a prime number?
False
Let n be (-252)/45 + (-4)/10. Is 760/6 + (-2)/n a composite number?
False
Is (-1)/((7/(-8827))/((-6)/(-6))) a prime number?
False
Let a(h) = 58*h**2 - 3*h + 2. Let o be (-1 - (-1 + -6)) + -3. Suppose -9 - 4 = -4*l + o*m, 5 = -l - 2*m. Is a(l) composite?
True
Is 1*1/(-4) - (-764400)/448 a prime number?
False
Let a be 8 + (-5 - (1 - 4)). Let t(p) = -72*p - 5. Let h(o) = 73*o + 6. Let l(v) = -4*h(v) - 5*t(v). Is l(a) a prime number?
True
Let p(l) = -18*l - 30. Let d be p(-19). Let v = d - 101. Is v a composite number?
False
Is (-2 - 0) + (5 - -6635) prime?
False
Suppose -4*t = 17*t - 710367. Is t prime?
True
Suppose 3*r + 5*a = 80654 - 23306, r - 19115 = -2*a. Is r composite?
False
Let b(u) = 701*u + 2. Let m be b(1). Let x = m - 258. Is x a composite number?
True
Let y = -16465 - -23652. Is y prime?
True
Let u(j) = -955*j - 23. Let t be u(-16). Suppose 11*n + 2266 = t. Is n composite?
False
Let t be (2 - 1)*(-669)/3. Let n = 517 + t. Suppose 0 = 5*a + 2*h + 3*h - 755, 2*h + n = 2*a. Is a a prime number?
True
Suppose 0 = 6*y + 6*y - 125988. Is y a composite number?
False
Let m(b) = -b - 6. Let c be m(-6). Suppose c = 2*h - i - 2401, -3*h + 1139 = -3*i - 2461. Is h a composite number?
False
Suppose -l - d = -86940, -l - 4*d + 86950 = -d. Is l a prime number?
False
Let i be 6632/20 - (-8)/20. Suppose 2*s + 2*s = i. Is s a prime number?
True
Let c(v) = 4*v**3 - 2*v**2 + v - 7. Let s = 0 - -6. Is c(s) a composite number?
True
Suppose 3*l = 8*l - 10, -o - 4*l = -432. Suppose -x - 51 = -o. Is x a prime number?
True
Suppose 65 = -4*i - i. Let v = i + 18. Suppose 218 = -3*x + v*x. Is x a prime number?
True
Let m(f) be the second derivative of -f**5/20 + 5*f**4/12 + f**3 + 3*f**2/2 - 3*f. Let q be m(-6). Let p = q - 200. Is p prime?
True
Suppose -m = 5*t - 60279, -m - 16*t = -18*t - 60307. Is m a composite number?
True
Suppose -2*d - r = -d + 13, 3*d + 5*r = -43. Let n = 21 + d. Let t = 29 + n. Is t a composite number?
True
Suppose -3*n + 800 = -f + 6*f, 3*n - 5*f = 760. Let w = n - -3. Is w composite?
False
Let q(f) = 2*f**2 + 15*f - 3. Let b be q(-8). Suppose -s + k + 442 + 94 = 0, 5*k = -b*s + 2730. Is s composite?
False
Is 1/(-6)*3*(-3471 - 11) prime?
True
Let g(h) = h**3 - 25*h**2 + 28*h + 18. Is g(25) a prime number?
False
Let v = 11208 - -135829. Is v prime?
False
Suppose h = -h - 2*l + 38964, 5*l = 4*h - 77910. Let i be h/15 + (-4)/6. Suppose -4*f + 6*f = i. Is f composite?
True
Let t(l) = -2*l**2 - 24*l + 26083. Is t(0) a composite number?
False
Is (-2)/(-13) + 3435559/611 a prime number?
True
Let x(i) = -i**3 - 8*i**2 + 2*i + 10. Let l = -20 + 12. Let j be x(l). Is 30/10*(-818)/j prime?
True
Suppose -d - 46 = -3*s, 0*d + d + 63 = 4*s. Suppose -4*k + 149 = s. Suppose -k + 85 = 4*x. Is x prime?
True
Suppose 3*j - 1515 = 1293. Suppose -r = 5*m - j - 1198, 5*r - 4*m - 10641 = 0. Is r prime?
True
Let y(m) = -6559*m + 3. Is y(-2) a composite number?
False
Let c = -14710 + 147009. Is c prime?
True
Is 69/(-46)*165272/(-12) a prime number?
False
Suppose -5*h + 82 = -2*a, 0*h + 3*h - 46 = 2*a. Let t(q) = q**3 - 19*q**2 + 25*q - 15. Is t(h) a composite number?
True
Let p = -80 - -37. Let b = -13 + p. Let n = b + 153. Is n a prime number?
True
Suppose -4*i - 27512 + 77645 = 5*b, -4*b = 3*i - 37601. Is i a composite number?
False
Let l(g) = 10*g + 4. Let u be l(3). Suppose p = m - 7, -2*m = -4*p + 10 - u. Suppose 0 = 3*k + 9, -7*k = -2*s - m*k + 173. Is s composite?
False
Is ((-1522402)/(-222))/((-2)/(-6)) a prime number?
False
Let o(b) be the first derivative of 5*b**3/3 + b**2 + 8*b - 7. Let c(h) = 3*h + 6. Let z be c(-5). Is o(z) composite?
True
Let x = 0 + 0. Is -4 - (4 - (x - -927)) prime?
True
Let r(i) = -17*i**2 - 3*i. Let g be r(1). Is 4/g - (-2542)/10 a prime number?
False
Suppose 8*j - 6*j - 1988 = 0. Suppose j = -6*y + 4120. Is y a prime number?
True
Suppose 2*c + 25*o - 20*o - 7413 = 0, -7423 = -2*c + 5*o. Is c composite?
False
Suppose 15584 = 5*o + 949. Is o composite?
False
Let k(c) = -2*c**3 - c**2 - 2*c - 2. Let o(j) = -2*j**3 - j**2 - 3*j - 3. Suppose -4*w + 18 = -7*w. Let g(i) = w*k(i) + 5*o(i). Is g(3) a composite number?
True
Let p = 7599 - -902. Is p a composite number?
False
Let c(v) = v - 4. Suppose -l + 1 = -6. Let f be c(l). Suppose 2*u - 1015 = -f*u. Is u prime?
False
Suppose 0 = -5*x + 7 + 38. Let h be 70/21 + (-3)/x. Suppose 0*k = -3*r + 4*k + 643, h*k = 3*r - 645. Is r a composite number?
True
Let q be 0 - (3 + 0 - 5). Suppose 0 = z + 4*z + q*b + 12557, -z = -2*b + 2521. Is z/(-28) + 6/(-8) prime?
True
Let y = 311 - 213. Let g = 344 - y. Suppose 3*o - f - 390 = 0, f + 3*f - g = -2*o. Is o composite?
True
Suppose 2*l + l = -2*n + 79, -3*n + 5*l + 90 = 0. Is n a composite number?
True
Suppose 0 = 4*i + 2*a, -3*a + 0 - 4 = 4*i. Let v(t) = 0 - 60*t + i + 297*t. Is v(1) composite?
False
Let s = 65 + -33. Suppose y = 29 + s. Let d = 98 - y. Is d a composite number?
False
Suppose 3*v - 26973 = 3*i,